) = m**3 - 9*m**2 + 10*m - 11. Let l be t(8). Suppose 7 = l*k - 3. Is r(k) a composite number?
False
Let u(a) = -1036*a + 3. Is u(-1) composite?
False
Suppose 0*p = -2*p + 18. Let f(z) = z**2 + p*z + z**2 - 1 - 3*z**2. Is f(4) prime?
True
Let j(t) = t + 13. Let o be j(-8). Suppose 20 = -5*m, o*x + 2*m = 89 + 73. Is x a prime number?
False
Suppose 0 = 3*m - 7 - 80. Suppose 2*y + 11 + 35 = 4*q, 2*q - 8 = 0. Let i = y + m. Is i prime?
False
Let c be -4*(5 - 2)/(-3). Suppose c = 2*x - 2. Is x a composite number?
False
Let c(q) = -q**3 + 4*q**2 + 3*q - 4. Let o be c(4). Is 2/o - (-4335)/20 prime?
False
Suppose 26 - 7 = 4*j - m, -4*m - 32 = -5*j. Suppose -3*b + 102 = 2*h - 94, 258 = j*b + 2*h. Is b a prime number?
False
Let g be 10928/20*(-4 - 1). Let i = g + 4293. Is i composite?
True
Suppose 2*v = 2*r + r + 313, 4*r = -20. Is v prime?
True
Let o(v) = 2*v**2 - 16*v + 29. Is o(-16) a composite number?
False
Let n(y) = 318*y**3 - y. Suppose -h - 15 = 4*f, -2*h - 3*f = -3*h + 13. Is n(h) a composite number?
False
Let h(d) = d**2 + 3*d - 3. Let a be 3*2/6 + 4. Is h(a) composite?
False
Let o be -1 + (0/(-2) - -4). Suppose -4 = 2*n + 2, 10 = f + o*n. Is f prime?
True
Is 2*(-3)/(24/(-148)) a composite number?
False
Let w(s) = 51*s - 14. Is w(13) composite?
True
Let d = 11 + -6. Suppose -h + 2*h = 3, 3*z - d*h = 312. Is 3/6*(1 + z) prime?
False
Suppose v = y, 3*v + 5*y + 8 = -0*v. Is (-2 - (-1)/v) + 12 a composite number?
True
Suppose r = -0*r + 3. Suppose -4*o + 3*w - 120 + 766 = 0, 320 = 2*o - r*w. Is o a composite number?
False
Let y be 9/(-1 + (-2)/4). Let k(b) = b**2 - 8*b + 3. Is k(y) composite?
True
Let x be (-3)/(-1 - 6/(-7)). Suppose -2*z + 149 - 13 = 4*v, 0 = -z + 4. Let y = v + x. Is y a composite number?
False
Let u(a) = -8*a**3 + a - 3. Is u(-4) composite?
True
Let x be (-1 - (-2 + 1))/2. Suppose x*m + 3*m = 0. Is (m + -3)*52/(-12) a prime number?
True
Suppose o = 3*o - 28. Is o a composite number?
True
Suppose 0 = -2*m + 5*m + 738. Let b = m + 373. Is b prime?
True
Let f(m) = 2*m**2 + 3*m - 2. Let w(u) = -u**2 - 7*u + 2. Let z be w(-7). Let k be f(z). Is 114/k*(1 - -1) a prime number?
True
Let o(u) be the second derivative of -1/6*u**3 + 1/12*u**4 - u**2 + 0 - u. Is o(-3) a prime number?
False
Is (1 + -6 - -4)*-2543 a prime number?
True
Let s be 1*(-3)/(3/(-229)). Suppose 0 = -4*r - 5*z + 2*z + s, 4*r - 214 = 2*z. Is r a composite number?
True
Suppose 0 = -r - 2 + 55. Let k = 132 - r. Is k prime?
True
Suppose -3*l - 3 = -6*l. Let q = -1 + l. Suppose k + 5*v + 8 = 0, -3*k - 3*v + 2 + 10 = q. Is k a prime number?
True
Suppose 3*q - h - 258 = -3*h, q - 85 = -h. Is (9/6)/(6/q) prime?
False
Suppose 0*q - 4*q - 24 = 0. Let v = q + 3. Let r(x) = -2*x**3 - x**2 - x - 2. Is r(v) a prime number?
False
Let w(o) be the second derivative of o**5/20 - 5*o**4/12 + 5*o**3/6 + 2*o**2 + 9*o. Let u(m) = -m**3 - 2*m - 3. Let r be u(-2). Is w(r) prime?
True
Suppose -5*q - 4*a - 786 = 0, 9 = 5*a + 29. Is 5/2*q/(-7) a prime number?
False
Let g = -1061 - -1740. Let h = -300 + g. Is h a composite number?
False
Is (-446310)/(-80) + 4/32 composite?
True
Suppose 2 = h - 0*h. Is (-10)/3*(-129)/h composite?
True
Let n be (-3)/((-3)/1307) + -2. Is n/10*2/3 a composite number?
True
Let h = 1224 + 175. Is h prime?
True
Let w be 1/(-2) + 22/4. Suppose -5*i + 0*i - 15 = 0, -3*u - w*i = -366. Is u composite?
False
Suppose -7*x = -3*x + 24. Let a(j) be the third derivative of j**5/12 + 7*j**4/24 + j**3/2 - j**2. Is a(x) a prime number?
False
Let b be 96/18*(-3)/(-2). Is 1064/10 - b/20 a composite number?
True
Suppose 0 = 5*a + 2*a - 14. Suppose -5*w + 235 + 345 = 0. Suppose -w = -a*m + 146. Is m composite?
False
Suppose 0 = -2*s - 5*v + 147, s + 5*v - 76 = -0*s. Is s composite?
False
Let z be -2 + (-1 - -2)*433. Suppose -4*s = 7 - z. Is (s/8)/((-1)/(-4)) a composite number?
False
Let v = -4 - -6. Let m be 8/3 + v/6. Suppose -3*b = -m*o - 84, 6*b - 5*b = 3*o + 22. Is b a composite number?
False
Let u(f) = 6*f**2 - 8*f - 3. Is u(9) composite?
True
Suppose -3*c = 5*z + 138 + 65, 3*c + 193 = 5*z. Let u = -28 - c. Is (0 + 15/6)*u a composite number?
True
Suppose 2 = 2*m, 2*x - 4*m - 8 + 0 = 0. Let f be (-574)/(-12) - (-1)/x. Suppose f = 4*l - 12. Is l composite?
True
Let m = 1757 - 1072. Is m composite?
True
Suppose 2*q = w + 350, 5*q + 5*w - 1196 = -351. Suppose -491 + q = -3*a. Is a a composite number?
True
Let u = 6 - 2. Suppose -3*t - 42 = -3*w, 3*t - u - 5 = 0. Let b = -4 + w. Is b composite?
False
Let b be 12 - (0 + 6/2). Is (5 - 2)/b*1239 composite?
True
Suppose 0 = -4*s + 5*t + 37, s + 2*s - 28 = 4*t. Is (-5 + 0)*(-61 + s) prime?
False
Suppose -5*x = 2*s - 2846, -2*s - 8 = 2*s. Suppose -5*n - 2*j = -957, x = n + 2*n - 3*j. Is n prime?
True
Let b(i) = -i**3 + 7*i**2 + 8*i - 6. Let d be b(8). Let q(m) be the second derivative of -2*m**3/3 - 9*m**2/2 - m. Is q(d) prime?
False
Let q(z) = -3*z - 9. Let s be q(-6). Suppose u = 10 + s. Is u a composite number?
False
Suppose -3*g + 439 = 5*z, 4*g - 158 = -2*z + 12. Is z a prime number?
True
Suppose 0 = 5*d - 1814 + 139. Suppose -2*i - 3*i + d = 0. Is i composite?
False
Let v = -8 + 7. Let u be (-6)/(-9)*3*v. Let g(z) = -49*z - 3. Is g(u) a prime number?
False
Let h(b) = -b**2 - 10*b + 6. Let o be h(-10). Is (-13900)/(-65) + o/39 a prime number?
False
Let t(z) = -21*z**2 - 9*z - 11. Let y(m) = 11*m**2 + 4*m + 6. Let c(x) = -3*t(x) - 5*y(x). Is c(-6) prime?
False
Is ((-16)/(-12) - 1)*381 a composite number?
False
Suppose -3*i + 94 = -i. Is i prime?
True
Let t(i) = -i**3 - 4*i**2 - 6*i + 3. Suppose v - 2*v - 6 = 0. Let r be t(v). Suppose -2*y + r = y. Is y a prime number?
True
Suppose -4*u + 2961 + 638 = 5*n, 0 = -4*n - u + 2877. Is n a prime number?
True
Let d = 581 + -370. Is d a composite number?
False
Let b(u) = -31*u + 12. Let g be b(11). Let d = -178 - g. Let n = d - -154. Is n composite?
True
Suppose 2*f + 4*n + 19 = 3, -20 = -f + 5*n. Suppose j - 4*j + 141 = f. Is j prime?
True
Let q = -4 + 8. Suppose -43 = -r + 3*t, -q*r + 251 = t + 27. Is r prime?
False
Let o(z) = -3*z + 2 - 2. Let s be o(-1). Suppose 6*m = s*m + 213. Is m a prime number?
True
Let m(u) = -u**3 + 3*u**2 + 3*u + 4. Suppose 0 = 2*d - 4*d + 8. Let n be m(d). Suppose -2*c - 3*c + 410 = n. Is c composite?
True
Suppose -5*z + 8 + 7 = 0, 0 = -3*t + z + 354. Is t a composite number?
True
Suppose -3*j + 12 = 2*u, j - 6*j + 22 = 4*u. Let d(x) = -14*x - 4. Let l(p) = -27*p - 7. Let r(g) = u*l(g) - 5*d(g). Is r(-1) composite?
True
Let r = 6 + 6. Suppose -4*k + 0*k + r = 0. Suppose 0*g + 42 = 2*g - b, k*g + b - 73 = 0. Is g prime?
True
Let l = -75 - -184. Is l prime?
True
Suppose -3*z - 3169 = -2*q - 0*z, q - 4*z = 1597. Is q composite?
True
Let c = -77 - -208. Is c composite?
False
Let g(b) = b**3 + 7*b**2 + 7*b + 4. Let o be g(-6). Suppose 16 = -3*z - 8. Is (99/12)/(o/z) a prime number?
False
Let a = 194 + -473. Let r = -195 - a. Suppose 7*i = 3*i + r. Is i prime?
False
Let d = -730 + 1637. Is d a composite number?
False
Let m(p) = -15*p - 1. Let w be m(-1). Is (-735)/w*4/(-6) prime?
False
Suppose 2 + 10 = -4*q. Let a be q/(-2)*24/(-3). Is 2*1/2 - a a composite number?
False
Suppose -j + 4*i + 279 = 0, -2*j + 583 = -2*i - i. Is j composite?
True
Let z be 88/(-32) + 6/8. Let l be z/(-2) - 2 - -3. Is (2 - (-5)/2)*l composite?
True
Is -1 + (-13170)/(-4) - 6/(-4) a composite number?
True
Let f = 12 + -10. Suppose -k = f*k. Suppose 0 = -k*l + l - 38. Is l prime?
False
Let j = -4 - -6. Suppose h - j*c = 4*h - 273, 2*h - 193 = -5*c. Is h composite?
False
Let i = 10 + -7. Suppose f = -i*k - 10, -k - 16 = 3*k. Suppose -5*n + 475 = 4*r, -284 = -f*n - 5*r - 77. Is n prime?
False
Let p be 1/(-2)*-202*1. Let f(q) = 30*q. Let o be f(-2). Let h = p - o. Is h a composite number?
True
Let l be 6/21 - 52/(-14). Suppose 1 = l*c - 7. Suppose -i - c*p = -4*p - 15, -3*i + p + 60 = 0. Is i a prime number?
False
Let v = 9 + -19. Let f be 8*(-1 - 6/4). Let a = v - f. Is a composite?
True
Let j(i) = i**2 - 7*i + 6. Suppose 11 = -4*y + 91. Suppose 2*b - 23 = p - 5, 0 = -5*p - y. Is j(b) composite?
True
Let f = -2 - -3. Let b(i) = -4 - 3 + f - 9*i + 4. Is b(-3) a prime number?
False
Suppose 150*i + 8825 = 155*i. Is i a composite number?
True
Let q(n) = -26*n**3 + n. Let c be q(-1). Is 18/(-6) +